 6703023659?
3
What is the units digit of 568544591?
1
What is the tens digit of 41936728?
2
What is the ten millions digit of 169018889?
6
What is the hundreds digit of 139012325?
3
What is the hundred thousands digit of 6292643070?
6
What is the thousands digit of 58965983?
5
What is the millions digit of 52761186?
2
What is the hundreds digit of 228120884?
8
What is the tens digit of 143497211?
1
What is the ten millions digit of 288996282?
8
What is the hundred millions digit of 140435120?
1
What is the hundred millions digit of 550235059?
5
What is the hundred thousands digit of 74407734?
4
What is the ten millions digit of 25910930?
2
What is the units digit of 217257114?
4
What is the ten thousands digit of 298904548?
0
What is the hundred thousands digit of 173209301?
2
What is the ten thousands digit of 822256014?
5
What is the millions digit of 18158802?
8
What is the units digit of 124354958?
8
What is the tens digit of 2004886721?
2
What is the hundreds digit of 908444214?
2
What is the thousands digit of 36681134?
1
What is the tens digit of 3981823352?
5
What is the hundred millions digit of 2924677146?
9
What is the units digit of 45472156?
6
What is the millions digit of 11550847?
1
What is the thousands digit of 604958530?
8
What is the millions digit of 378477452?
8
What is the ten thousands digit of 31153185?
5
What is the units digit of 400226987?
7
What is the units digit of 211201370?
0
What is the thousands digit of 143432378?
2
What is the hundred thousands digit of 531461869?
4
What is the hundred thousands digit of 2655899021?
8
What is the tens digit of 57761162?
6
What is the ten thousands digit of 899382488?
8
What is the hundreds digit of 151204794?
7
What is the hundred thousands digit of 100711758?
7
What is the millions digit of 784531631?
4
What is the ten thousands digit of 97432565?
3
What is the hundred thousands digit of 335428384?
4
What is the ten millions digit of 860761245?
6
What is the ten thousands digit of 2571191993?
9
What is the hundred thousands digit of 903581472?
5
What is the hundred thousands digit of 68635562?
6
What is the millions digit of 84151345?
4
What is the tens digit of 1400208420?
2
What is the ten thousands digit of 5359678?
5
What is the ten thousands digit of 189499500?
9
What is the hundred thousands digit of 63029057?
0
What is the tens digit of 1303590273?
7
What is the ten thousands digit of 1305292519?
9
What is the units digit of 1525405048?
8
What is the ten millions digit of 161092993?
6
What is the units digit of 13066995?
5
What is the hundred thousands digit of 73667930?
6
What is the hundred thousands digit of 167582311?
5
What is the hundreds digit of 425250164?
1
What is the units digit of 69110322?
2
What is the hundreds digit of 334547832?
8
What is the ten millions digit of 1072246588?
7
What is the tens digit of 8525508151?
5
What is the hundred thousands digit of 2588516594?
5
What is the ten thousands digit of 4266143321?
4
What is the millions digit of 3105060598?
5
What is the units digit of 1342086692?
2
What is the thousands digit of 25340703?
0
What is the thousands digit of 3209905484?
5
What is the ten thousands digit of 103417366?
1
What is the ten millions digit of 583160147?
8
What is the billions digit of 6604709118?
6
What is the ten millions digit of 616200782?
1
What is the units digit of 191002769?
9
What is the ten thousands digit of 47613134?
1
What is the thousands digit of 610413811?
3
What is the ten thousands digit of 73973606?
7
What is the millions digit of 1900667792?
0
What is the hundreds digit of 25098558?
5
What is the ten thousands digit of 211855819?
5
What is the millions digit of 321628205?
1
What is the hundred thousands digit of 95067984?
0
What is the millions digit of 1339316306?
9
What is the units digit of 416541686?
6
What is the ten millions digit of 66875320?
6
What is the hundred millions digit of 532688159?
5
What is the ten thousands digit of 876732073?
3
What is the units digit of 7386386490?
0
What is the hundred thousands digit of 445035026?
0
What is the hundred millions digit of 451654110?
4
What is the hundred millions digit of 9150748731?
1
What is the ten millions digit of 37166363?
3
What is the millions digit of 531820566?
1
What is the tens digit of 600381431?
3
What is the hundreds digit of 293527735?
7
What is the tens digit of 114979704?
0
What is the hundred thousands digit of 295241251?
2
What is the thousands digit of 3345371953?
1
What is the thousands digit of 714426587?
6
What is the units digit of 487653514?
4
What is the hundreds digit of 700522886?
8
What is the units digit of 49965357?
7
What is the tens digit of 3304525?
2
What is the millions digit of 994767300?
4
What is the hundred thousands digit of 14963228?
9
What is the tens digit of 111636395?
9
What is the thousands digit of 47016210?
6
What is the ten millions digit of 27132265?
2
What is the units digit of 79869426?
6
What is the billions digit of 3280223194?
3
What is the ten thousands digit of 3966620?
6
What is the units digit of 116537270?
0
What is the units digit of 82606327?
7
What is the units digit of 5662225182?
2
What is the thousands digit of 104034496?
4
What is the hundred thousands digit of 185412349?
4
What is the ten millions digit of 691394632?
9
What is the units digit of 71442679?
9
What is the ten thousands digit of 304248621?
4
What is the tens digit of 321556985?
8
What is the units digit of 1240367614?
4
What is the units digit of 769893108?
8
What is the millions digit of 895426367?
5
What is the hundred millions digit of 453168134?
4
What is the units digit of 1758930200?
0
What is the hundred thousands digit of 53476772?
4
What is the hundred thousands digit of 299140069?
1
What is the hundred thousands digit of 55523659?
5
What is the millions digit of 110441303?
0
What is the millions digit of 1704296636?
4
What is the units digit of 188761620?
0
What is the hundreds digit of 3200152861?
8
What is the millions digit of 7203849010?
3
What is the tens digit of 1542400279?
7
What is the hundreds digit of 527070656?
6
What is the ten millions digit of 4066932208?
6
What is the units digit of 1213376403?
3
What is the billions digit of 9214016585?
9
What is the millions digit of 121228837?
1
What is the ten thousands digit of 72831725?
3
What is the hundred millions digit of 1693871214?
6
What is the tens digit of 1148648328?
2
What is the millions digit of 12653200?
2
What is the thousands digit of 479864175?
4
What is the hundreds digit of 532297679?
6
What is the hundred millions digit of 897004293?
8
What is the ten millions digit of 35588939?
3
What is the tens digit of 7759270?
7
What is the ten thousands digit of 442841751?
4
What is the ten thousands digit of 1292079?
9
What is the hundreds digit of 72962381?
3
What is the hundred thousands digit of 22381219?
3
What is the millions digit of 20599437?
0
What is the millions digit of 238063411?
8
What is the millions digit of 197133117?
7
What is the thousands digit of 57606189?
6
What is the ten thousands digit of 309836441?
3
What is the ten thousands digit of 278000897?
0
What is the hundred thousands digit of 170730351?
7
What is the ten millions digit of 996845467?
9
What is the hundred millions digit of 1877528110?
8
What is the tens digit of 58503228?
2
What is the thousands digit of 1928523313?
3
What is the tens digit of 831771954?
5
What is the hundreds digit of 30264752?
7
What is the ten thousands digit of 236091969?
9
What is the ten millions digit of 113146499?
1
What is the tens digit of 599425903?
0
What is the thousands digit of 1716490037?
0
What is the thousands digit of 14616306?
6
What is the ten millions digit of 1878448790?
7
What is the millions digit of 52123013?
2
What is the millions digit of 9235047?
9
What is the hundred thousands digit of 54024158?
0
What is the hundred millions digit of 1212487801?
2
What is the thousands digit of 24224881?
4
What is the hundred millions digit of 128748999?
1
What is the thousands digit of 570098288?
8
What is the thousands digit of 1692320026?
0
What is the thousands digit of 268362487?
2
What is the units digit of 80898224?
4
What is the hundred thousands digit of 5036907284?
9
